421289
What are the prime factors of 713885054?
2, 29, 43, 197, 1453
List the prime factors of 234282100.
2, 5, 13, 17, 10601
What are the prime factors of 1390344593?
11, 29, 4358447
List the prime factors of 6295596806.
2, 6011, 523673
What are the prime factors of 433253858?
2, 83, 2609963
List the prime factors of 3427645653.
3, 1481, 28573
What are the prime factors of 21007214?
2, 47, 223481
What are the prime factors of 1808791733?
7, 59, 625663
List the prime factors of 71042605.
5, 29, 83, 5903
What are the prime factors of 116097080?
2, 5, 11, 17, 83
What are the prime factors of 3641860942?
2, 1820930471
List the prime factors of 1558630999.
4159, 374761
What are the prime factors of 7830583135?
5, 317, 4940431
List the prime factors of 483690955.
5, 11, 8794381
List the prime factors of 267731726.
2, 53, 2525771
What are the prime factors of 164525588?
2, 83, 495559
What are the prime factors of 522089989?
522089989
List the prime factors of 1180652783.
1180652783
What are the prime factors of 722832889?
5189, 139301
What are the prime factors of 35868671?
61, 588011
List the prime factors of 102016631.
617, 165343
List the prime factors of 28218941.
47, 600403
List the prime factors of 281644835.
5, 97, 580711
What are the prime factors of 254959893?
3, 3147653
What are the prime factors of 62098398?
2, 3, 317, 10883
List the prime factors of 348215699.
13, 23, 59, 19739
What are the prime factors of 59004680?
2, 5, 7, 210731
What are the prime factors of 715546724?
2, 2707, 66083
List the prime factors of 779074307.
11, 101, 431, 1627
What are the prime factors of 3484531720?
2, 5, 227, 383759
List the prime factors of 250704513.
3, 4157, 6701
List the prime factors of 3537842038.
2, 1619, 1092601
List the prime factors of 197165809.
29, 6798821
List the prime factors of 56133443.
56133443
List the prime factors of 1105836802.
2, 7, 1612007
What are the prime factors of 362693242?
2, 19, 31, 151, 2039
What are the prime factors of 2613512824?
2, 13, 43, 584417
What are the prime factors of 1222029366?
2, 3, 203671561
List the prime factors of 112587325.
5, 47, 95819
What are the prime factors of 19504550?
2, 5, 13, 37, 811
List the prime factors of 881812134.
2, 3, 7, 17, 23, 2557
List the prime factors of 955926552.
2, 3, 7, 23, 247393
List the prime factors of 1190559848.
2, 148819981
List the prime factors of 318696857.
318696857
List the prime factors of 110874231.
3, 13, 315881
List the prime factors of 1021976573.
17, 6211, 9679
List the prime factors of 43890787.
17, 41, 62971
What are the prime factors of 63222473?
17, 47, 67, 1181
What are the prime factors of 1153338800?
2, 5, 433, 6659
List the prime factors of 63320336.
2, 3957521
What are the prime factors of 36322250?
2, 5, 145289
What are the prime factors of 346503363?
3, 61, 419, 4519
What are the prime factors of 48184942?
2, 13, 142559
What are the prime factors of 492869852?
2, 23, 461, 11621
List the prime factors of 7434779886.
2, 3, 15297901
What are the prime factors of 611893844?
2, 152973461
What are the prime factors of 13604951?
13604951
What are the prime factors of 363683675?
5, 499, 29153
What are the prime factors of 4689662951?
4689662951
List the prime factors of 104908996.
2, 41, 639689
List the prime factors of 297183526.
2, 3727, 39869
What are the prime factors of 4402817030?
2, 5, 440281703
List the prime factors of 1130669149.
2903, 389483
What are the prime factors of 21159883?
17, 1244699
What are the prime factors of 5776771661?
43, 7793, 17239
List the prime factors of 3253534853.
29, 112190857
What are the prime factors of 109813179?
3, 7, 19, 157, 1753
List the prime factors of 296286826.
2, 11, 619, 21757
List the prime factors of 292686724.
2, 11, 37, 43, 113
List the prime factors of 2729782034.
2, 7, 194984431
What are the prime factors of 64999230?
2, 3, 5, 43, 50387
List the prime factors of 121648436.
2, 7, 13, 334199
What are the prime factors of 195743706?
2, 3, 167, 195353
What are the prime factors of 4399090?
2, 5, 17, 113, 229
What are the prime factors of 93380972?
2, 19, 709, 1733
What are the prime factors of 1649324337?
3, 29, 599, 31649
What are the prime factors of 152235146?
2, 7, 347, 31337
List the prime factors of 27071114.
2, 7, 83, 23297
What are the prime factors of 234845662?
2, 19, 325271
What are the prime factors of 62187699?
3, 7, 23, 199, 647
What are the prime factors of 889228355?
5, 67, 103, 25771
List the prime factors of 28665619.
28665619
What are the prime factors of 1507130522?
2, 23, 29, 49121
What are the prime factors of 350909756?
2, 43, 2040173
List the prime factors of 21640798.
2, 10820399
List the prime factors of 29542705.
5, 383, 15427
List the prime factors of 6736562.
2, 7, 23, 20921
What are the prime factors of 142577739?
3, 419, 4201
What are the prime factors of 5715022240?
2, 5, 35718889
What are the prime factors of 74414457?
3, 13, 17, 4157
List the prime factors of 2507983771.
29, 103, 839633
What are the prime factors of 263656923?
3, 431, 203911
What are the prime factors of 12314689?
12314689
List the prime factors of 2580397733.
19, 67, 2027021
What are the prime factors of 577612807?
29, 19917683
List the prime factors of 57362659.
139, 409, 1009
List the prime factors of 984823519.
359, 401, 6841
List the prime factors of 931931801.
107, 1999, 4357
List the prime factors of 105788686.
2, 43, 28607
List the prime factors of 22261920.
2, 3, 5, 19, 2441
What are the prime factors of 5297385259?
101, 52449359
List the prime factors of 48181245.
3, 5, 7, 19, 24151
List the prime factors of 4918225.
5, 13, 37, 409
What are the prime factors of 3451935486?
2, 3, 575322581
What are the prime factors of 1764661561?
13, 6709, 20233
List the prime factors of 6027280485.
3, 5, 7177, 55987
List the prime factors of 77427819.
3, 7, 15173
What are the prime factors of 6308166974?
2, 233, 937, 14447
What are the prime factors of 30982962?
2, 3, 29, 41, 43, 101
List the prime factors of 295682904.
2, 3, 11, 17, 21961
What are the prime factors of 2351874464?
2, 73496077
What are the prime factors of 368776338?
2, 3, 7, 8780389
What are the prime factors of 21194217?
3, 11, 881
What are the prime factors of 195353833?
109, 1792237
What are the prime factors of 850509683?
13831, 61493
List the prime factors of 87636384.
2, 3, 11, 9221
What are the prime factors of 54606655?
5, 31, 352301
What are the prime factors of 209913633?
3, 7774579
What are the prime factors of 8909727?
3, 19, 67, 2333
List the prime factors of 4382565913.
11, 307, 117979
List the prime factors of 43700342.
2, 7, 19, 41, 4007
What are the prime factors of 680270788?
2, 89, 1910873
What are the prime factors of 60487673?
60487673
List the prime factors of 179491713.
3, 79, 179, 4231
List the prime factors of 604618498.
2, 11, 17, 1616627
What are the prime factors of 38165116?
2, 11, 867389
What are the prime factors of 1307159081?
11897, 109873
What are the prime factors of 43241330?
2, 5, 11, 393103
List the prime factors of 139167952.
2, 7, 11, 37, 43, 71
List the prime factors of 3610291.
31, 116461
List the prime factors of 65411139.
3, 73, 298681
List the prime factors of 680048470.
2, 5, 68004847
What are the prime factors of 1393450225?
5, 55738009
What are the prime factors of 72193837?
72193837
What are the prime factors of 42913932?
2, 3, 19, 37, 5087
What are the prime factors of 219411654?
2, 3, 7, 11, 474917
What are the prime factors of 4840165000?
2, 5, 11, 88003
What are the prime factors of 614950123?
3491, 176153
List the prime factors of 80977894.
2, 23, 1760389
What are the prime factors of 437426295?
3, 5, 59, 494267
List the prime factors of 4832337513.
3, 23, 241, 290597
List the prime factors of 16109902.
2, 8054951
List the prime factors of 800615057.
11, 61, 113, 10559
List the prime factors of 3427100040.
2, 3, 5, 7, 13, 17, 18461
What are the prime factors of 105877028?
2, 29, 31, 29443
List the prime factors of 230039365.
5, 19, 2421467
What are the prime factors of 7944020?
2, 5, 7, 179, 317
List the prime factors of 56538373.
6067, 9319
List the prime factors of 689351049.
3, 76594561
List the prime factors of 36538301.
36538301
List the prime factors of 1745299141.
29, 60182729
